re the prime factors of 24/q + 248/2 + 0?
2
Let x = 53079 + -29274. List the prime factors of x.
3, 5, 23
Let p(n) = 26097*n + 27. List the prime factors of p(1).
2, 3, 7, 311
Let b = -65 - -62. Let n be (1 + 1)*(b/(-2) + 1). Suppose 2*g - x - 517 = 0, -n*g + 1676 = -2*x + 385. List the prime factors of g.
257
Suppose -2*c = 36 - 40, -3*m + 2*c = -248. List the prime factors of (704/66)/(2/m).
2, 7
Let j(r) = -9*r**3 - 32*r**2 - 20*r - 14. List the prime factors of j(-15).
29, 809
Suppose -4*g - 4*i + 48940 = 0, 5*g = -3*i + 50829 + 10358. List the prime factors of g.
12241
Let h(k) = -884*k + 11348. What are the prime factors of h(-42)?
2, 12119
Suppose -4*i - 3*n = 2*n - 122177, 5*i - n - 152772 = 0. What are the prime factors of i?
30553
Let o = 68 - 64. Let u be (2*(-4)/14)/(o/(-14)). Suppose -3*m - 116 = u*q - 3*q, -2*m = 3*q - 381. List the prime factors of q.
5
Let g(s) = -1255 + 1251 + 4*s + 8*s**3 + 0*s - 3*s**2. What are the prime factors of g(2)?
2, 7
List the prime factors of 443 - (-23)/((-322)/168).
431
Suppose 4*x - 8*x = -5*u - 3015, 3*u = 3*x - 1812. Let b = -21 - u. What are the prime factors of b?
2, 17
Let i(t) = -t**2 + 16*t. Let g be i(16). Let y be (-1 - g)/(13/(-91))*1. Suppose -2*a + 3*o + 161 = 0, -2*a + y*a = 2*o + 386. List the prime factors of a.
2, 19
Suppose 0 = 5*d + 2*c - 84591, -94*c = 4*d - 96*c - 67680. What are the prime factors of d?
7, 2417
Let m be (1200/96)/(15/6). Let s = 56 + 169. Suppose s = m*k - 150. List the prime factors of k.
3, 5
Suppose -2300*w + 2583*w - 4607523 = 0. What are the prime factors of w?
3, 67
Let m(x) = 13*x**2 + 183*x + 64. What are the prime factors of m(-25)?
2, 13, 139
Suppose 2*b + 2*p - 10276 = 0, -3*p - 21584 - 4122 = -5*b. Suppose 0 = 142*a - 147*a + b. List the prime factors of a.
2, 257
Let i(r) = 2*r**3 + 9*r**2 + 5*r + 73. Let o be i(12). Suppose 4*g + v = o, g + v = 3*g - 2435. List the prime factors of g.
2, 5, 61
Suppose 4*r = -4*y + 8*r + 44, -20 = -y + 4*r. What are the prime factors of (-74)/(6*y/(-72))?
3, 37
Suppose 4*w - 11 = -5*j, -57*j - 17 = 5*w - 61*j. What are the prime factors of ((-8)/(-20))/w*6740/(-2)?
2, 337
Suppose -5*x + 207 - 112 = 0. Suppose -3*t = 5*n - t - 10, n - x = 3*t. What are the prime factors of (n/(-5))/((-20)/4750)?
2, 5, 19
Let p be (80/6)/(2/(-6)). Suppose -90 = -47*c + 65*c. List the prime factors of p/(-8)*(-27)/c.
3
Let m = -2123 - -3720. List the prime factors of m.
1597
Suppose -3*y = -2*h - 1457, -24*y - 3620 = 5*h - 27*y. Let t = 886 + h. What are the prime factors of t?
3, 5, 11
Let z(n) = n**3 - 97*n**2 - 159*n - 599. List the prime factors of z(99).
2, 7, 233
Suppose 82 = 3*g - 80. Let u = g + -57. What are the prime factors of ((-5 + -1 - u) + 6)*1?
3
Let v = 756 + -1262. Let c = v - -858. List the prime factors of c.
2, 11
Suppose 8*q + 7482 - 7506 = 0. Let p be (1/2)/(1/10). Suppose -5*a = -4*g + 213, -85 = -q*g - p*a + 31. What are the prime factors of g?
47
Let a(p) = 1256*p + 144. List the prime factors of a(3).
2, 3, 163
Suppose 0 = -5*z - 5*r + 102259 + 73756, 70421 = 2*z + 7*r. List the prime factors of z.
2, 5, 11
Let j = 5429 + 159. Suppose -6*c + j + 2158 = 0. List the prime factors of c.
1291
Suppose -13*t = 2*t - 75. Suppose 7*r - 8 = t*r. Suppose -5*d = 4*b - 623 - 647, 0 = r*b - 4*d - 1252. List the prime factors of b.
3, 5, 7
Let a be (7 + 93/(-15))/((-3)/90). List the prime factors of (6/a)/((-1)/3736).
2, 467
Let b be (-16818)/29 + (-20)/290. List the prime factors of (-8)/((-80)/50) - (-1 + b).
2, 293
Suppose 2*i - 4*o = -i + 844, i = 3*o + 283. Let p = 11 + -9. Suppose p*r - 330 = -4*n, -i = -3*n - r + 6*r. List the prime factors of n.
5, 17
Suppose 13*w - 36592 - 3305 = 0. List the prime factors of w.
3, 11, 31
Let x(b) = -4*b**3 - 19*b**2 + 10*b - 2. Let y be (15/30)/((-2)/24). What are the prime factors of x(y)?
2, 59
Let o(d) = d**2 - 28*d + 73. Let n(h) = -2*h**2 + 2. Let b(z) = n(z) + o(z). What are the prime factors of b(-23)?
2, 5, 19
Let r(a) = 15305*a + 10*a**2 + 23 - 15295*a - a**3 + 5*a**2. What are the prime factors of r(14)?
359
Let t(h) = -17*h + 17 - 13 - 15*h**2 + h**3 + 16. Let r be (-6)/(-21) + (-550)/(-35). List the prime factors of t(r).
2
Let j = 18895 + -9667. What are the prime factors of j?
2, 3, 769
Let k be 6/4*(-80)/(-15). Suppose 5*u + r + k = -39, 4*u + 42 = -3*r. Let w = 13 + u. List the prime factors of w.
2
Let t be (2 + -3)/((-105)/25 + 4). Let n be (-2)/t + 4/10. Let g(y) = y**2 - 3*y + 18. What are the prime factors of g(n)?
2, 3
Let r(y) = 29*y**2 + 22*y + 106. List the prime factors of r(20).
2, 6073
Suppose -3*k = -4*o - 4*k + 11, 2*o - 18 = 2*k. Suppose -3*v - 2 = 1, 1136 = o*h - 4*v. List the prime factors of h.
283
Suppose -23*t = 5*y - 18*t - 33650, 0 = -3*t - 15. What are the prime factors of y?
3, 5, 449
List the prime factors of (-31 - -37) + 48791 + (7 - 1)/(-2).
2, 31, 787
Suppose -32211 = -m - 20526 + 27658. List the prime factors of m.
39343
Suppose 136*j + 134*j - 257*j = 204464. List the prime factors of j.
2, 983
Suppose -5*f - 2*o - 4790 = 0, -2*f - 1368 - 529 = -3*o. Let n = f - -1481. What are the prime factors of n?
3, 5, 7
Suppose -7*n + 1086 + 38415 = 0. List the prime factors of n.
3, 11, 19
Let t be (-10 + 10 + (-70)/(-2))/(-1). Let l = t - -330. List the prime factors of l.
5, 59
Suppose 5*v + 9365 = 5*o, -3*o + 0*v + 5611 = 5*v. Suppose 4*k = -5*p + 2491, 9*k + 3*p = 6*k + o. What are the prime factors of k?
17, 37
Suppose 961*s + 74514 = 983*s. What are the prime factors of s?
3, 1129
Let t = 145 + -238. What are the prime factors of 4*6/8 - t?
2, 3
Suppose 255*j = 296*j - 508482. What are the prime factors of j?
2, 3, 13, 53
Suppose 0 = 5*l + o - 15, l - 5*o - 8 = -31. Suppose -4*i - 5*j + 997 = 0, -l*i - 23*j = -21*j - 500. List the prime factors of i.
11, 23
Let s = 905 + 103. Suppose i = s + 113. What are the prime factors of i?
19, 59
Let h(g) = g**2 + 7*g - 14. Let x be h(-8). Let i(c) = 5*c**2 + c - 4. What are the prime factors of i(x)?
2, 5, 17
Let p be (-45)/(-6) + 2/8*-2. Suppose 4*j - 3*q = p*j + 3, 2*j = -5*q - 14. Suppose -69 = -4*a - g + 18, -2*g = j*a - 64. List the prime factors of a.
2, 11
Let u be (12/5)/(3/15). Let v(w) = w**3 - 13*w**2 + 14*w - 8. Let b be v(u). Suppose 4*k + 4*l = 380, -3*k - 4*l + 271 = -b. List the prime factors of k.
3, 31
Let n = 8792 + -3933. What are the prime factors of n?
43, 113
Suppose 14*a = 13635 + 170689. What are the prime factors of a?
2, 29, 227
Suppose -7*v + 76 = 41. Suppose 4*m = 4*z + 464, 0 = m - v*m - 5*z + 437. List the prime factors of m.
113
Let f(m) = -m**3 - m**2 - 5*m - 9. Let v be f(-4). Suppose -14*k + 11 + v = 0. Let y(g) = 5*g**2 + 11*g - 4. What are the prime factors of y(k)?
2, 11
Let s(g) = -391*g + 1133. List the prime factors of s(-10).
3, 41
Suppose 0 = -2*n - 3*p + 467, -3*n - 5*p = n - 935. Suppose 13*x - n - 77 = 0. What are the prime factors of x?
2, 3
Let y = 18800 - -12699. List the prime factors of y.
13, 2423
Let c = -40 - -46. Suppose 4*u - 2*u = c. Suppose 4*z = o - u*o + 256, 0 = 2*o - 2*z - 262. List the prime factors of o.
2, 5, 13
What are the prime factors of (-1458)/2673 - (-2 - (-603939)/(-11))?
5, 79, 139
Let h = 206 - 204. What are the prime factors of 5*((-3)/30*-562 - h)?
271
Let r(t) = -t**3 - 11*t**2 - t - 9. Let z be r(-11). Suppose -779 = -z*o - 5*b, 5*o - 1930 = b + 4*b. What are the prime factors of o?
3, 43
Let x be (-4 + 22/5)/((-3)/(-15)). List the prime factors of 294/12*(6 - (-2 + x)).
3, 7
Let w = 21 + -19. Suppose -o - 9 = -3*v - 28, 2*o = -2*v - w. Suppose -51 = -o*c + 3*c. List the prime factors of c.
3, 17
Suppose -2*m + 6*m = 16. Suppose -m*z = -5*p + 3*p + 690, 1710 = 5*p + 5*z. List the prime factors of p.
7
Let p(f) = -f**3 - 5*f**2 + 6*f + 7. Let d be p(-6). Suppose 3*y - 234 = -3*j, d*y - 2*y + 2*j = 396. Suppose n + 4*n - y = 0. List the prime factors of n.
2
Let c(k) = k**2 + k - 57. Let u be c(7). Let b(r) = -784*r**3 - 2*r**2 - r. What are the prime factors of b(u)?
3, 29
Let b(x) = 110*x**2 + 41*x + 19. Let c be b(-10). Suppose 33*o = 60142 - c. What are the prime factors of o?
19, 79
Let m(d) = 138*d**2 - 420*d - 10. What are the prime factors of m(-7)?
2, 2423
Let h = -15100 + 24250. List the prime factors of 